57?
139
What is the greatest common divisor of 182755 and 5?
5
Calculate the highest common factor of 644 and 769948.
92
Calculate the highest common divisor of 56446 and 1534.
26
Calculate the highest common factor of 4715 and 46.
23
What is the highest common factor of 48 and 1591952?
16
Calculate the highest common divisor of 562440 and 30.
30
What is the greatest common divisor of 212304 and 30?
6
Calculate the greatest common divisor of 12 and 63276.
12
Calculate the highest common factor of 19054 and 217.
7
Calculate the highest common divisor of 51972 and 71248.
244
What is the greatest common factor of 810 and 5370?
30
What is the highest common factor of 10740 and 500?
20
What is the highest common factor of 119 and 527?
17
What is the highest common divisor of 1162 and 4767?
7
What is the greatest common divisor of 206066 and 246?
82
What is the highest common divisor of 126 and 218204?
14
What is the highest common factor of 494 and 140062?
26
Calculate the highest common factor of 532 and 106267.
133
What is the greatest common divisor of 944 and 1632176?
944
What is the highest common divisor of 6804 and 1540?
28
What is the greatest common divisor of 78 and 5126199?
39
Calculate the greatest common factor of 2790 and 3150.
90
Calculate the greatest common factor of 1155 and 24530.
55
What is the greatest common factor of 782 and 105179?
391
Calculate the highest common divisor of 2734352 and 332.
332
Calculate the greatest common divisor of 4564 and 1956.
652
Calculate the highest common factor of 6 and 61986.
6
What is the greatest common divisor of 656 and 618362?
82
What is the highest common divisor of 956 and 11044?
4
What is the highest common divisor of 45 and 2711295?
45
Calculate the highest common factor of 64 and 248224.
32
Calculate the highest common factor of 9 and 595449.
9
What is the highest common factor of 354 and 99651?
177
What is the highest common divisor of 2982653 and 97?
97
Calculate the highest common divisor of 5486 and 59502.
422
Calculate the highest common divisor of 8300286 and 163.
163
What is the greatest common divisor of 9820 and 6383?
491
What is the greatest common factor of 32 and 785104?
16
What is the highest common factor of 182470 and 142?
142
Calculate the greatest common divisor of 5026 and 210.
14
Calculate the greatest common factor of 16 and 108592.
16
What is the highest common divisor of 899100 and 540?
540
What is the highest common divisor of 992460 and 84?
84
Calculate the greatest common factor of 585382 and 28.
14
What is the highest common divisor of 228 and 1001508?
12
What is the highest common divisor of 231 and 341?
11
Calculate the greatest common factor of 7176 and 5704.
184
Calculate the greatest common factor of 1825 and 123925.
25
Calculate the greatest common divisor of 4974 and 24.
6
What is the greatest common divisor of 85 and 155159?
17
Calculate the greatest common divisor of 4425 and 55.
5
Calculate the greatest common factor of 162 and 728154.
18
Calculate the greatest common factor of 785990 and 10.
10
Calculate the highest common divisor of 2629 and 352.
11
Calculate the highest common factor of 10692 and 1171260.
972
Calculate the highest common factor of 8576 and 704.
64
What is the greatest common factor of 1498 and 196?
14
Calculate the greatest common factor of 3016 and 82784.
104
Calculate the highest common factor of 1958 and 60.
2
What is the highest common divisor of 2334124 and 13?
13
Calculate the greatest common divisor of 832000 and 10.
10
Calculate the greatest common factor of 8952 and 354.
6
What is the highest common factor of 430762 and 4?
2
What is the highest common factor of 124681 and 533?
41
What is the greatest common factor of 256 and 4768?
32
What is the highest common divisor of 163607 and 295?
59
Calculate the greatest common factor of 45079 and 80551.
739
Calculate the highest common divisor of 13664 and 16768.
32
Calculate the greatest common divisor of 5753 and 645382.
523
What is the highest common factor of 80096 and 64?
32
Calculate the highest common factor of 110 and 5016.
22
What is the greatest common divisor of 146219 and 1533?
73
Calculate the highest common factor of 197494 and 752.
94
What is the highest common factor of 12 and 72114?
6
Calculate the highest common factor of 23414 and 11178.
46
What is the greatest common factor of 1614 and 186?
6
Calculate the highest common divisor of 65046 and 10656.
222
Calculate the greatest common factor of 6201 and 418223.
689
Calculate the greatest common factor of 364 and 196.
28
What is the highest common factor of 5232 and 402?
6
Calculate the highest common divisor of 2226 and 178206.
42
What is the highest common divisor of 123 and 6081?
3
Calculate the greatest common factor of 39 and 4351659.
39
Calculate the highest common divisor of 92980 and 80.
20
What is the greatest common factor of 19 and 34919?
1
Calculate the greatest common factor of 499 and 17129173.
499
What is the highest common factor of 3315 and 425?
85
Calculate the highest common divisor of 1316 and 144.
4
Calculate the greatest common factor of 286 and 507.
13
Calculate the highest common factor of 48 and 3903.
3
What is the highest common divisor of 2238 and 220070?
746
What is the highest common divisor of 30681 and 28?
7
What is the highest common divisor of 13 and 1840007?
13
What is the greatest common factor of 126 and 228970?
14
What is the greatest common factor of 703 and 14208?
37
Calculate the highest common divisor of 355 and 160744.
71
Calculate the greatest common factor of 4256 and 8322.
38
What is the greatest common divisor of 111870 and 20?
10
What is the greatest common factor of 1116 and 3813?
93
What is the highest common factor of 104 and 11869?
13
Calculate the highest common factor of 429 and 920205.
429
Calculate the highest common divisor of 3 and 13323.
3
Calculate the highest common divisor of 18954 and 2754.
162
What is the highest common divisor of 135106 and 5418?
86
What is the highest common divisor of 10749644 and 4376?
2188
What is the highest common factor of 382908 and 84?
12
What is the greatest common factor of 54475 and 425?
25
Calculate the highest common factor of 931060 and 260.
260
Calculate the greatest common factor of 6550 and 415.
5
Calculate the greatest common divisor of 229 and 5614393.
229
Calculate the highest common factor of 426 and 933153.
213
Calculate the highest common factor of 504 and 158976.
72
Calculate the highest common factor of 36 and 52713.
9
Calculate the highest common divisor of 562248 and 24.
24
Calculate the greatest common divisor of 273 and 1169007.
21
What is the highest common divisor of 95720 and 80?
40
Calculate the greatest common divisor of 104408 and 1767.
31
What is the greatest common divisor of 2187 and 256689?
81
Calculate the highest common divisor of 3 and 10443.
3
What is the highest common factor of 78223 and 3059?
437
What is the highest common divisor of 5614 and 126?
14
What is the highest common factor of 3025332 and 6156?
684
What is the highest common factor of 3103672 and 143?
143
What is the greatest common factor of 24 and 226497?
3
What is the highest common divisor of 250022 and 2384?
298
Calculate the highest common divisor of 72 and 420966.
18
What is the greatest common factor of 2337 and 1394?
41
What is the highest common divisor of 1278 and 387?
9
What is the highest common divisor of 24265 and 920?
115
What is the greatest common divisor of 708 and 90408?
12
Calculate the greatest common factor of 376 and 1222.
94
What is the greatest common divisor of 1 and 7387?
1
Calculate the highest common divisor of 330764 and 28.
28
What is the highest common divisor of 227056 and 368?
368
Calculate the greatest common factor of 103400 and 1650.
550
Calculate the highest common divisor of 984872 and 98.
14
What is the greatest common divisor of 52934 and 98?
14
Calculate the greatest common factor of 2752 and 38270.
86
Calculate the highest common divisor of 86 and 120.
2
What is the highest common factor of 12255 and 86640?
285
Calculate the greatest common divisor of 75 and 4115.
5
Calculate the greatest common factor of 140829 and 1884.
471
What is the greatest common divisor of 1070200 and 320?